{"id":107,"date":"2013-01-21T22:22:07","date_gmt":"2013-01-21T20:22:07","guid":{"rendered":"http:\/\/christophlowis.com\/?page_id=107"},"modified":"2020-03-07T23:16:19","modified_gmt":"2020-03-07T22:16:19","slug":"termine-2012","status":"publish","type":"page","link":"http:\/\/christophlowis.com\/?page_id=107","title":{"rendered":"Termine 2012"},"content":{"rendered":"<p>&nbsp;<\/p>\n<p><strong>Freitag, den 17.2.2012, um 19 Uhr<\/strong><br \/>\n<strong>M\u00f6nchengladbach-Rheydt<\/strong><br \/>\n<strong>St. Marien&nbsp;<\/strong><\/p>\n<p>Orgelkonzert im Rahmen von<br \/>\n&#8222;Klangraum St. Marien&#8220;<\/p>\n<p>&nbsp;<\/p>\n<p><strong>Sonntag, den 1.4.2012, um 17 Uhr<\/strong><br \/>\n<strong>M\u00f6nchengladbach<\/strong><br \/>\n<strong>Citykirche&nbsp;<\/strong><\/p>\n<p>J. S. Bach: Matth\u00e4uspassion<br \/>\nContinuo II<\/p>\n<p>&nbsp;<\/p>\n<p><strong>Donnerstag, den 3.5.2012, um 20 Uhr<\/strong><br \/>\n<strong>M\u00f6nchengladbach<\/strong><br \/>\n<strong>M\u00fcnsterbasilika&nbsp;<\/strong><\/p>\n<p>festliches Orgelkonzert zur Osterzeit<\/p>\n<p>&nbsp;<\/p>\n<p><strong>Sonntag, den 17.6.2012, um 11.15 Uhr<\/strong><br \/>\n<strong>M\u00f6nchengladbach<\/strong><br \/>\n<strong>M\u00fcnsterbasilika&nbsp;<\/strong><\/p>\n<p>M\u00f6nchengladbacher M\u00fcnstermesse zu Ehren des heiligen Vitus<br \/>\nvon R\u00fcdiger Bl\u00f6mer<br \/>\nURAUFF\u00dcHRUNG<\/p>\n<p>&nbsp;<\/p>\n<p><strong>Samstag, den 14.7.2012, um 17.15 Uhr<\/strong><br \/>\n<strong>M\u00f6nchengladbach<\/strong><br \/>\n<strong>M\u00fcnsterbasilika&nbsp;<\/strong><\/p>\n<p>Orgelmusik in der Vorabendmesse<\/p>\n<p>&nbsp;<\/p>\n<p><strong>Samstag, den 21.7.2012, um 17.15 Uhr<\/strong><br \/>\n<strong>M\u00f6nchengladbach<\/strong><br \/>\n<strong>M\u00fcnsterbasilika<\/strong><\/p>\n<p>Orgelmusik in der Vorabendmesse<\/p>\n<p>&nbsp;<\/p>\n<p><strong>Donnerstag, den 30.8.2012, um 19 Uhr<\/strong><br \/>\n<strong>K\u00f6ln-Bocklem\u00fcnd<\/strong><br \/>\n<strong>Pfarrkirche Christi Geburt<\/strong><\/p>\n<p>Orgelkonzert<\/p>\n<p>&nbsp;<\/p>\n<p><strong>Sonntag, den 9.9.2012, um 18 Uhr<\/strong><br \/>\n<strong>Kleve<\/strong><br \/>\n<strong>Vers\u00f6hnungskirche<\/strong><\/p>\n<p>Konzert im Rahmen der&nbsp;<a title=\"muziek biennale 2012\" href=\"http:\/\/muziekbiennale.eu\/programm_september.php\" target=\"_blank\" rel=\"noopener noreferrer\">MUZIEK BIENNALE NIEDERRHEIN 2012<\/a><br \/>\nMichael Radulescu: \u201eEpiphaniai\u201c f\u00fcr Orgel und Orchester<\/p>\n<p>&nbsp;<\/p>\n<p><strong>Samstag, den 15.9.2012, um 12 Uhr<\/strong><br \/>\n<strong>M\u00f6nchengladbach<\/strong><br \/>\n<strong>M\u00fcnsterbasilika&nbsp;<\/strong><\/p>\n<p>Orgelmusik zur Marktzeit<br \/>\nImprovisation!<\/p>\n<p>&nbsp;<\/p>\n<p><strong>Donnerstag,den 20.9.2012, um 19.30 Uhr<\/strong><br \/>\n<strong>Klagenfurt<\/strong><br \/>\n<strong>Domkirche St. Peter und Paul&nbsp;<\/strong><\/p>\n<p>Orgelkonzert im Rahmen der&nbsp;<a title=\"OrgelDONNERstage\" href=\"http:\/\/www.orgelland.at\/konzertzyklus\/zyklus\/875\/\" target=\"_blank\" rel=\"noopener noreferrer\">OrgelDONNERstage<\/a><br \/>\nBach, Widor, Messiaen und Improvisationen<\/p>\n<p>&nbsp;<\/p>\n<p><strong>Samstag, den 6.10.2012, um 18.30 Uhr<\/strong><br \/>\n<strong>M\u00f6nchengladbach<\/strong><br \/>\n<strong>M\u00fcnsterbasilika&nbsp;<\/strong><\/p>\n<p>Chor- und Orgelkonzert<br \/>\nmit dem Ensemble Globus Vocale<\/p>\n<p>&nbsp;<\/p>\n<p><strong>Sonntag, den 7.10.2012, um 16 Uhr<\/strong><br \/>\n<strong>M\u00f6nchengladbach<\/strong><br \/>\n<strong>Franziskanerkirche St. Barbara&nbsp;<\/strong><\/p>\n<p>Chor- und Orgelkonzert<br \/>\nmit dem Kammerchor Cantiamo<\/p>\n<p>&nbsp;<\/p>\n<p><strong>Donnerstag, den 1.11.2012, um 11.15 Uhr<\/strong><br \/>\n<strong>M\u00f6nchengladbach<\/strong><br \/>\n<strong>M\u00fcnsterbasilika&nbsp;<\/strong><\/p>\n<p>Hochamt an Allerheiligen<br \/>\nMesse heroique de Jeanne d&#8217;Arc von Henri Nibelle<\/p>\n<p>&nbsp;<\/p>\n<p><strong>Dienstag, den 4.12.2012, um 19.30 Uhr<\/strong><br \/>\n<strong>Helpup<\/strong><br \/>\n<strong>evangelische Kirche&nbsp;<\/strong><\/p>\n<p>Adventskonzert mit dem Kirchenchor und dem Posaunenchor<br \/>\n&#8222;Magnificat &#8211; Meine Seele lobt den Herren&#8220;<\/p>\n<p>&nbsp;<\/p>\n<p><strong>Samstag, den 8.12.2012, um 12 Uhr<\/strong><br \/>\n<strong>M\u00f6nchengladbach<\/strong><br \/>\n<strong>M\u00fcnsterbasilika&nbsp;<\/strong><\/p>\n<p>Orgelmusik zur Marktzeit<br \/>\n&#8222;Wachet auf, ruft uns die Stimme!&#8220;<br \/>\nWerke von Scheidt, Bach, Walter und Reger<\/p>\n<p>&nbsp;<\/p>\n<p><strong>Mittwoch, den 12.12.2012, um 19.30 Uhr<\/strong><br \/>\n<strong>Detmold<\/strong><br \/>\n<strong>Kath. Pfarrkirche Heilig Kreuz&nbsp;<\/strong><\/p>\n<p>Offenes Adventslieder-Singen<br \/>\nKirchenmusikabteilung der HfM Detmold<br \/>\nEine Veranstaltung der Reihe MUSICA SACRA 2012<\/p>\n<p>&nbsp;<\/p>\n<p><strong>Freitag, den 21.12.2012, um 19.30 Uhr<\/strong><br \/>\n<strong>Detmold<\/strong><br \/>\n<strong>Konzerthaus&nbsp;<\/strong><\/p>\n<p>Weihnachtskonzert&nbsp;der HfM Detmold<br \/>\nhfmBRASS, Vokalensembke PopUp, Solisten der HfM<\/p>\n<p>&nbsp;<\/p>\n<p><strong>Sonntag, den 23.12.2012, um 15.30 Uhr<\/strong><br \/>\n<strong>M\u00f6nchengladbach<br \/>\nFranziskanerkirche St. Barbara<\/strong><\/p>\n<p><strong><\/strong>Chor- und Orgelkonzert<br \/>\nmit dem M\u00e4nnerchor&nbsp;<a title=\"pro vocale lyra\" href=\"http:\/\/www.pro-vocale-lyra.de\" target=\"_blank\" rel=\"noopener noreferrer\">pro vokale lyra,&nbsp;<\/a>Viersen<\/p>\n<p>&nbsp;<\/p>\n<p><strong>Dienstag, den 25.12.2012, um 11.15 Uhr<\/strong><br \/>\n<strong>M\u00f6nchengladbach<\/strong><br \/>\n<strong>M\u00fcnsterbasilika&nbsp;<\/strong><\/p>\n<p>Hochamt am 1. Weihnachtstag<br \/>\nNelsonmesse von Joseph Haydn (Urfassung)<\/p>\n<p>&nbsp;<\/p>\n<p><strong>Mittwoch, den 26.12.2012, um 11.15 Uhr<\/strong><br \/>\n<strong>M\u00f6nchengladbach<\/strong><br \/>\n<strong>M\u00fcnsterbasilika&nbsp;<\/strong><\/p>\n<p>Hochamt am 2. Weihnachtstag<br \/>\nMesse zu Ehren des hl. Leodegar von Johann Baptist Hilber<\/p>\n","protected":false},"excerpt":{"rendered":"<p>&nbsp; Freitag, den 17.2.2012, um 19 Uhr M\u00f6nchengladbach-Rheydt St. Marien&nbsp; Orgelkonzert im Rahmen von &#8222;Klangraum St. Marien&#8220; &nbsp; Sonntag, den 1.4.2012, um 17 Uhr M\u00f6nchengladbach Citykirche&nbsp; J. S. Bach: Matth\u00e4uspassion Continuo II &nbsp; Donnerstag, den 3.5.2012, um 20 Uhr M\u00f6nchengladbach M\u00fcnsterbasilika&nbsp; festliches Orgelkonzert zur Osterzeit &nbsp; Sonntag, den 17.6.2012, um 11.15 Uhr M\u00f6nchengladbach M\u00fcnsterbasilika&nbsp; M\u00f6nchengladbacher [&hellip;]<\/p>\n","protected":false},"author":1,"featured_media":0,"parent":0,"menu_order":0,"comment_status":"closed","ping_status":"open","template":"","meta":{"footnotes":""},"class_list":["post-107","page","type-page","status-publish","hentry"],"_links":{"self":[{"href":"http:\/\/christophlowis.com\/index.php?rest_route=\/wp\/v2\/pages\/107","targetHints":{"allow":["GET"]}}],"collection":[{"href":"http:\/\/christophlowis.com\/index.php?rest_route=\/wp\/v2\/pages"}],"about":[{"href":"http:\/\/christophlowis.com\/index.php?rest_route=\/wp\/v2\/types\/page"}],"author":[{"embeddable":true,"href":"http:\/\/christophlowis.com\/index.php?rest_route=\/wp\/v2\/users\/1"}],"replies":[{"embeddable":true,"href":"http:\/\/christophlowis.com\/index.php?rest_route=%2Fwp%2Fv2%2Fcomments&post=107"}],"version-history":[{"count":5,"href":"http:\/\/christophlowis.com\/index.php?rest_route=\/wp\/v2\/pages\/107\/revisions"}],"predecessor-version":[{"id":308,"href":"http:\/\/christophlowis.com\/index.php?rest_route=\/wp\/v2\/pages\/107\/revisions\/308"}],"wp:attachment":[{"href":"http:\/\/christophlowis.com\/index.php?rest_route=%2Fwp%2Fv2%2Fmedia&parent=107"}],"curies":[{"name":"wp","href":"https:\/\/api.w.org\/{rel}","templated":true}]}}

<p>&nbsp;</p>
<p><strong>Freitag, den 17.2.2012, um 19 Uhr</strong><br />
<strong>Mönchengladbach-Rheydt</strong><br />
<strong>St. Marien&nbsp;</strong></p>
<p>Orgelkonzert im Rahmen von<br />
&#8222;Klangraum St. Marien&#8220;</p>
<p>&nbsp;</p>
<p><strong>Sonntag, den 1.4.2012, um 17 Uhr</strong><br />
<strong>Mönchengladbach</strong><br />
<strong>Citykirche&nbsp;</strong></p>
<p>J. S. Bach: Matthäuspassion<br />
Continuo II</p>
<p>&nbsp;</p>
<p><strong>Donnerstag, den 3.5.2012, um 20 Uhr</strong><br />
<strong>Mönchengladbach</strong><br />
<strong>Münsterbasilika&nbsp;</strong></p>
<p>festliches Orgelkonzert zur Osterzeit</p>
<p>&nbsp;</p>
<p><strong>Sonntag, den 17.6.2012, um 11.15 Uhr</strong><br />
<strong>Mönchengladbach</strong><br />
<strong>Münsterbasilika&nbsp;</strong></p>
<p>Mönchengladbacher Münstermesse zu Ehren des heiligen Vitus<br />
von Rüdiger Blömer<br />
URAUFFÜHRUNG</p>
<p>&nbsp;</p>
<p><strong>Samstag, den 14.7.2012, um 17.15 Uhr</strong><br />
<strong>Mönchengladbach</strong><br />
<strong>Münsterbasilika&nbsp;</strong></p>
<p>Orgelmusik in der Vorabendmesse</p>
<p>&nbsp;</p>
<p><strong>Samstag, den 21.7.2012, um 17.15 Uhr</strong><br />
<strong>Mönchengladbach</strong><br />
<strong>Münsterbasilika</strong></p>
<p>Orgelmusik in der Vorabendmesse</p>
<p>&nbsp;</p>
<p><strong>Donnerstag, den 30.8.2012, um 19 Uhr</strong><br />
<strong>Köln-Bocklemünd</strong><br />
<strong>Pfarrkirche Christi Geburt</strong></p>
<p>Orgelkonzert</p>
<p>&nbsp;</p>
<p><strong>Sonntag, den 9.9.2012, um 18 Uhr</strong><br />
<strong>Kleve</strong><br />
<strong>Versöhnungskirche</strong></p>
<p>Konzert im Rahmen der&nbsp;<a title="muziek biennale 2012" href="http://muziekbiennale.eu/programm_september.php" target="_blank" rel="noopener noreferrer">MUZIEK BIENNALE NIEDERRHEIN 2012</a><br />
Michael Radulescu: „Epiphaniai“ für Orgel und Orchester</p>
<p>&nbsp;</p>
<p><strong>Samstag, den 15.9.2012, um 12 Uhr</strong><br />
<strong>Mönchengladbach</strong><br />
<strong>Münsterbasilika&nbsp;</strong></p>
<p>Orgelmusik zur Marktzeit<br />
Improvisation!</p>
<p>&nbsp;</p>
<p><strong>Donnerstag,den 20.9.2012, um 19.30 Uhr</strong><br />
<strong>Klagenfurt</strong><br />
<strong>Domkirche St. Peter und Paul&nbsp;</strong></p>
<p>Orgelkonzert im Rahmen der&nbsp;<a title="OrgelDONNERstage" href="http://www.orgelland.at/konzertzyklus/zyklus/875/" target="_blank" rel="noopener noreferrer">OrgelDONNERstage</a><br />
Bach, Widor, Messiaen und Improvisationen</p>
<p>&nbsp;</p>
<p><strong>Samstag, den 6.10.2012, um 18.30 Uhr</strong><br />
<strong>Mönchengladbach</strong><br />
<strong>Münsterbasilika&nbsp;</strong></p>
<p>Chor- und Orgelkonzert<br />
mit dem Ensemble Globus Vocale</p>
<p>&nbsp;</p>
<p><strong>Sonntag, den 7.10.2012, um 16 Uhr</strong><br />
<strong>Mönchengladbach</strong><br />
<strong>Franziskanerkirche St. Barbara&nbsp;</strong></p>
<p>Chor- und Orgelkonzert<br />
mit dem Kammerchor Cantiamo</p>
<p>&nbsp;</p>
<p><strong>Donnerstag, den 1.11.2012, um 11.15 Uhr</strong><br />
<strong>Mönchengladbach</strong><br />
<strong>Münsterbasilika&nbsp;</strong></p>
<p>Hochamt an Allerheiligen<br />
Messe heroique de Jeanne d&#8217;Arc von Henri Nibelle</p>
<p>&nbsp;</p>
<p><strong>Dienstag, den 4.12.2012, um 19.30 Uhr</strong><br />
<strong>Helpup</strong><br />
<strong>evangelische Kirche&nbsp;</strong></p>
<p>Adventskonzert mit dem Kirchenchor und dem Posaunenchor<br />
&#8222;Magnificat &#8211; Meine Seele lobt den Herren&#8220;</p>
<p>&nbsp;</p>
<p><strong>Samstag, den 8.12.2012, um 12 Uhr</strong><br />
<strong>Mönchengladbach</strong><br />
<strong>Münsterbasilika&nbsp;</strong></p>
<p>Orgelmusik zur Marktzeit<br />
&#8222;Wachet auf, ruft uns die Stimme!&#8220;<br />
Werke von Scheidt, Bach, Walter und Reger</p>
<p>&nbsp;</p>
<p><strong>Mittwoch, den 12.12.2012, um 19.30 Uhr</strong><br />
<strong>Detmold</strong><br />
<strong>Kath. Pfarrkirche Heilig Kreuz&nbsp;</strong></p>
<p>Offenes Adventslieder-Singen<br />
Kirchenmusikabteilung der HfM Detmold<br />
Eine Veranstaltung der Reihe MUSICA SACRA 2012</p>
<p>&nbsp;</p>
<p><strong>Freitag, den 21.12.2012, um 19.30 Uhr</strong><br />
<strong>Detmold</strong><br />
<strong>Konzerthaus&nbsp;</strong></p>
<p>Weihnachtskonzert&nbsp;der HfM Detmold<br />
hfmBRASS, Vokalensembke PopUp, Solisten der HfM</p>
<p>&nbsp;</p>
<p><strong>Sonntag, den 23.12.2012, um 15.30 Uhr</strong><br />
<strong>Mönchengladbach<br />
Franziskanerkirche St. Barbara</strong></p>
<p><strong></strong>Chor- und Orgelkonzert<br />
mit dem Männerchor&nbsp;<a title="pro vocale lyra" href="http://www.pro-vocale-lyra.de" target="_blank" rel="noopener noreferrer">pro vokale lyra,&nbsp;</a>Viersen</p>
<p>&nbsp;</p>
<p><strong>Dienstag, den 25.12.2012, um 11.15 Uhr</strong><br />
<strong>Mönchengladbach</strong><br />
<strong>Münsterbasilika&nbsp;</strong></p>
<p>Hochamt am 1. Weihnachtstag<br />
Nelsonmesse von Joseph Haydn (Urfassung)</p>
<p>&nbsp;</p>
<p><strong>Mittwoch, den 26.12.2012, um 11.15 Uhr</strong><br />
<strong>Mönchengladbach</strong><br />
<strong>Münsterbasilika&nbsp;</strong></p>
<p>Hochamt am 2. Weihnachtstag<br />
Messe zu Ehren des hl. Leodegar von Johann Baptist Hilber</p>

<p>&nbsp; Freitag, den 17.2.2012, um 19 Uhr Mönchengladbach-Rheydt St. Marien&nbsp; Orgelkonzert im Rahmen von &#8222;Klangraum St. Marien&#8220; &nbsp; Sonntag, den 1.4.2012, um 17 Uhr Mönchengladbach Citykirche&nbsp; J. S. Bach: Matthäuspassion Continuo II &nbsp; Donnerstag, den 3.5.2012, um 20 Uhr Mönchengladbach Münsterbasilika&nbsp; festliches Orgelkonzert zur Osterzeit &nbsp; Sonntag, den 17.6.2012, um 11.15 Uhr Mönchengladbach Münsterbasilika&nbsp; Mönchengladbacher [&hellip;]</p>
