{"id":149,"date":"2014-04-25T16:58:10","date_gmt":"2014-04-25T15:58:10","guid":{"rendered":"http:\/\/christophlowis.com\/?page_id=149"},"modified":"2024-10-21T21:43:50","modified_gmt":"2024-10-21T20:43:50","slug":"termine-2014","status":"publish","type":"page","link":"http:\/\/christophlowis.com\/?page_id=149","title":{"rendered":"Termine 2020"},"content":{"rendered":"\n<div class=\"wp-block-group\"><div class=\"wp-block-group__inner-container is-layout-flow wp-block-group-is-layout-flow\">\n<p><strong>Sonntag, 2. Februar 2020, 9.15 Uhr<br>Frauenfeld, Evangelische Stadtkirche&nbsp;<\/strong><\/p>\n\n\n\n<p><strong>Musikgottesdienst<\/strong> <br>J.S. Bach: Toccata, Adagio und Fuge<\/p>\n<\/div><\/div>\n\n\n\n<div class=\"wp-block-group\"><div class=\"wp-block-group__inner-container is-layout-flow wp-block-group-is-layout-flow\">\n<p><strong>Sonntag, 1. M\u00e4rz 2020, 10.30 Uhr<br>Frauenfeld, Evangelische Stadtkirche&nbsp;<\/strong><\/p>\n\n\n\n<p><strong>Er\u00f6ffnungsgottesdienst &#8222;Brot f\u00fcr Alle&#8220;<br><\/strong>Katholischer und Evangelischer Kirchenchor<br>Reto Sch\u00e4rli und Christoph Lowis: Orgel und Leitung<\/p>\n<\/div><\/div>\n\n\n\n<div class=\"wp-block-group\"><div class=\"wp-block-group__inner-container is-layout-flow wp-block-group-is-layout-flow\">\n<p><strong>Sonntag, 8. M\u00e4rz&nbsp;2020, 10.30 Uhr<br>Frauenfeld, Evangelische Stadtkirche&nbsp;<\/strong><\/p>\n\n\n\n<p><strong>Musikgottesdienst   <br><\/strong>Rebecca Heudorfer, Sopran und Christoph Lowis, Orgel<br>Werke von Mendelssohn und Dvo\u0159\u00e1k<\/p>\n<\/div><\/div>\n\n\n\n<div class=\"wp-block-group\"><div class=\"wp-block-group__inner-container is-layout-flow wp-block-group-is-layout-flow\">\n<p><strong>Sonntag, 5. April&nbsp;2020, 10.30 Uhr<br>Frauenfeld, Evangelische Stadtkirche&nbsp;<\/strong><\/p>\n\n\n\n<p><strong>Musikgottesdienst am Palmsonntag<br><\/strong>Louren\u00e7o Fraz\u00e3o Oboe und Christoph Lowis, Orgel<br>Werke von Telemann und Bach<\/p>\n<\/div><\/div>\n\n\n\n<div class=\"wp-block-group\"><div class=\"wp-block-group__inner-container is-layout-flow wp-block-group-is-layout-flow\">\n<p><strong>Sonntag, 5. April&nbsp;2020, 17.00 Uhr<br>Frauenfeld, Evangelische Stadtkirche&nbsp;<\/strong><\/p>\n\n\n\n<p><strong>Konzert zum Palmsonntag&nbsp;&nbsp;&nbsp;&nbsp;&nbsp;&nbsp;<\/strong><br><strong>\u00abStabat mater\u00bb&nbsp;&nbsp;&nbsp;&nbsp;&nbsp;&nbsp;&nbsp;&nbsp;&nbsp;&nbsp;&nbsp;&nbsp;&nbsp;&nbsp;&nbsp;&nbsp;&nbsp;&nbsp;&nbsp;&nbsp;&nbsp;&nbsp;&nbsp;&nbsp;&nbsp;&nbsp;&nbsp;&nbsp;&nbsp;<\/strong><br><strong>Frauenfelder Abendmusiken<\/strong><br>Seraina Perrenoud, Sopran<br>Anja Powischer, Alt<br>Instrumentalensemble &#8222;laudate!&#8220;<br>Christoph Lowis, Leitung    <br>Werke von Pergolesi, Barber und P\u00e4rt<\/p>\n<\/div><\/div>\n\n\n\n<div class=\"wp-block-group\"><div class=\"wp-block-group__inner-container is-layout-flow wp-block-group-is-layout-flow\">\n<p><strong>Freitag, 10. April&nbsp;2020, 9.15 Uhr<br>Frauenfeld, Evangelische Stadtkirche&nbsp;<\/strong><\/p>\n\n\n\n<p><strong>Gottesdienst zum Karfreitag mit Abendmahl<br><\/strong>Seraina Perrenoud, Sopran und Anja Powischer, Alt <br>Christoph Lowis, Orgel<br>Ausz\u00fcge aus dem Stabat mater von G.B. Pergolesi<\/p>\n<\/div><\/div>\n\n\n\n<div class=\"wp-block-group\"><div class=\"wp-block-group__inner-container is-layout-flow wp-block-group-is-layout-flow\">\n<p><strong>Sonntag, 12. April 2020, 10.30 Uhr<br>Frauenfeld, Evangelische Stadtkirche<\/strong><\/p>\n\n\n\n<p><strong>Ostergottesdienst mit Abendmahl  <br><\/strong>Evangelischer Kirchenchor <br>Bl\u00e4serquartett &#8222;laudate!&#8220;<br>Leitung: Christoph Lowis<br>Werke von Biener, Pachelbel und Sch\u00fctz<\/p>\n<\/div><\/div>\n\n\n\n<div class=\"wp-block-group\"><div class=\"wp-block-group__inner-container is-layout-flow wp-block-group-is-layout-flow\">\n<p><strong>Sonntag, 10. Mai&nbsp;2020, 17.30 Uhr<br>Frauenfeld, St. Laurentius Oberkirch&nbsp;<\/strong><\/p>\n\n\n\n<p><strong>Wort und Musik | CHOR |    <br><\/strong> Evangelischer Kirchenchor<br> Andreas Jud, Orgel und Christoph Lowis, Leitung<br> Werke von Rutter und Franck<\/p>\n<\/div><\/div>\n\n\n\n<div class=\"wp-block-group\"><div class=\"wp-block-group__inner-container is-layout-flow wp-block-group-is-layout-flow\">\n<p><strong>Freitag, 22. Mai 2020, 9.30 \u2013 17.00 Uhr <br>Frauenfeld, Evangelische Stadtkirche, Orgelempore<\/strong><\/p>\n\n\n\n<p><strong>Orgelkurs mit Domorganist Klaus Kuchling <br>Frauenfelder Abendmusiken<br>ausgew\u00e4hlte Werke von Johann Sebastian Bach<\/strong><br> aktive Teilnahme CHF 100 \/ passive Teilnahme CHF 60<br>Anmeldung und Information bei Kantor Christoph Lowis<br>077 479 08 83 oder christoph.lowis@evang-frauenfeld.ch<\/p>\n<\/div><\/div>\n\n\n\n<div class=\"wp-block-group\"><div class=\"wp-block-group__inner-container is-layout-flow wp-block-group-is-layout-flow\">\n<p><strong>Sonntag, 31. Mai&nbsp;2020, 9.15 Uhr<br>Frauenfeld, Evangelische Stadtkirche<\/strong><\/p>\n\n\n\n<p><strong>Pfingstgottesdienst mit Abendmahl<br><\/strong>Orgel: Christoph Lowis<br>pfingstliche Orgelmusik von Durufl\u00e9, Bach, de Grigny<\/p>\n<\/div><\/div>\n\n\n\n<div class=\"wp-block-group\"><div class=\"wp-block-group__inner-container is-layout-flow wp-block-group-is-layout-flow\">\n<p><strong>Freitag, 5. Juni\u00a02020, 18.30 &#8211; 19.45 Uhr<br>Frauenfeld, Evangelische Stadtkirche\u00a0<\/strong><\/p>\n\n\n\n<p><strong>SINGEN: \u201eKomm und lobe den Herrn\u201c    <br>Lange Nacht der Kirchen<\/strong><br>Evangelischer Kirchenchor, Gospelfriends, Worshipband, Orgel, Solisten<br>Ein gemeinsames Projekt mit verschiedenen Ensembles in ganz unterschiedlichen Stilrichtungen.<br>Singen Sie mit uns, h\u00f6ren Sie zu und geniessen Sie die Musik.<\/p>\n<\/div><\/div>\n\n\n\n<div class=\"wp-block-group\"><div class=\"wp-block-group__inner-container is-layout-flow wp-block-group-is-layout-flow\">\n<p><strong>Sonntag, 28. Juni&nbsp;2020, 9.15 Uhr<br>Kartause Ittingen<\/strong><\/p>\n\n\n\n<p><strong>\u00f6kumenischer Gottesdienst zum Stiftungsfest<br><\/strong>Vokalensemble &#8222;laudate!&#8220;<br>Instrumentalisten <br>Leitung: Christoph Lowis<br>Werke von Sch\u00fctz und Telemann<\/p>\n<\/div><\/div>\n\n\n\n<div class=\"wp-block-group\"><div class=\"wp-block-group__inner-container is-layout-flow wp-block-group-is-layout-flow\">\n<p><strong>Sonntag, 23. August&nbsp;2020, 17.30 Uhr<br>Frauenfeld, Evangelische Stadtkirche<\/strong><\/p>\n\n\n\n<p><strong>Orgelkonzert \u00ab150 Jahre Louis Vierne\u00bb<br>Frauenfelder Abendmusiken<\/strong><br>Christoph Lowis, Orgel<br>Werke von Louis Vierne:<br>&#8211; aus den Pi\u00e8ces de fantaisie<br>&#8211; 1\u00e8re Symphonie pour Grand Orgue op.14 (1899) <\/p>\n<\/div><\/div>\n\n\n\n<div class=\"wp-block-group\"><div class=\"wp-block-group__inner-container is-layout-flow wp-block-group-is-layout-flow\">\n<p><strong>Sonntag, 6. September&nbsp;2020, 10.30 Uhr<br>Frauenfeld, Evangelische Stadtkirche&nbsp;<\/strong><\/p>\n\n\n\n<p><strong>Musikgottesdienst<br><\/strong>Evangelischer Kirchenchor<br>Orgel: Christoph Wartenweiler<br>Leitung: Christoph Lowis<br>Werk von Franck, Rutter, Pachelbel und Kodaly<\/p>\n<\/div><\/div>\n\n\n\n<div class=\"wp-block-group\"><div class=\"wp-block-group__inner-container is-layout-flow wp-block-group-is-layout-flow\">\n<p><strong>Sonntag, 12. September&nbsp;2020<br>Frauenfeld, Evangelische Kirchgemeinde<\/strong><\/p>\n\n\n\n<p><strong>Kantonaler Kirchenmusiktag<br><\/strong>Orgelstamm des Thurgauer Organistenverbandes<br>Werke zum Advent<br>Christoph Lowis, Orgel und Moderation<\/p>\n<\/div><\/div>\n\n\n\n<div class=\"wp-block-group\"><div class=\"wp-block-group__inner-container is-layout-flow wp-block-group-is-layout-flow\">\n<p><strong>Sonntag, 18. Oktober&nbsp;2020, 17.00 Uhr<br>Frauenfeld, Katholische Kirche St. Nikolaus<\/strong><\/p>\n\n\n\n<p><strong>Orgelduett<\/strong><br><strong>Frauenfelder Abendmusiken<br><\/strong>Christoph Lowis &amp; Emanuel Helg<br>an den Orgeln der St. Nikolauskirche<br>Werke von H\u00e4ndel, Rutter, Haselb\u00f6ck, Merkel u.a.<\/p>\n<\/div><\/div>\n\n\n\n<div class=\"wp-block-group\"><div class=\"wp-block-group__inner-container is-layout-flow wp-block-group-is-layout-flow\">\n<p><strong>Sonntag, 25. Oktober 2020, 17.30 Uhr<br>Frauenfeld, St. Laurentius Oberkirch&nbsp;<\/strong><\/p>\n\n\n\n<p><strong>Wort und Musik | CHOR |    <br><\/strong>Evangelischer Kirchenchor<br>Christoph Lowis, Leitung<\/p>\n<\/div><\/div>\n\n\n\n<div class=\"wp-block-group\"><div class=\"wp-block-group__inner-container is-layout-flow wp-block-group-is-layout-flow\">\n<p><strong>Samstag, 5. Dezember&nbsp;2020, 19.30 Uhr<br>Sonntag, 6. Dezember&nbsp;2020, 17.00 Uhr<\/strong><br><strong>Frauenfeld, Evangelische Stadtkirche<\/strong><\/p>\n\n\n\n<p><strong>Adventskonzert des Evangelischen Kirchenchores<br><\/strong>Frauenfelder Stadtorchester<br>Leitung: Christoph Lowis<br>Johann Gottlieb Naumann: &#8222;Zeit und Ewigkeit&#8220;<\/p>\n<\/div><\/div>\n\n\n\n<div class=\"wp-block-group\"><div class=\"wp-block-group__inner-container is-layout-flow wp-block-group-is-layout-flow\">\n<p><strong>Sonntag, 13. Dezember&nbsp;2020, 17.00 Uhr<br>Chur, St. Luzi<\/strong><\/p>\n\n\n\n<p><strong>Orgelkonzert &#8222;Nun komm, der Heiden Heiland&#8220;<br><\/strong>Werke von Bach, Heiller, Bornefeld und von Herzogenberg<\/p>\n<\/div><\/div>\n\n\n\n<div class=\"wp-block-group\"><div class=\"wp-block-group__inner-container is-layout-flow wp-block-group-is-layout-flow\">\n<p><strong>Freitag, 25.&nbsp;Dezember&nbsp;2020, 10.30 Uhr<br>Frauenfeld, Evangelische Stadtkirche&nbsp;<\/strong><\/p>\n\n\n\n<p><strong>Weihnachtsgottesdienst<\/strong><br>Evangelischer Kirchenchor<br>Natalia J\u00e4ger, Orgel<br>Christoph Lowis, Leitung<\/p>\n<\/div><\/div>\n\n\n\n<div class=\"wp-block-group is-layout-flow wp-block-group-is-layout-flow\"><div class=\"wp-block-group__inner-container\"><\/div><\/div>\n","protected":false},"excerpt":{"rendered":"<p>Sonntag, 2. Februar 2020, 9.15 UhrFrauenfeld, Evangelische Stadtkirche&nbsp; Musikgottesdienst J.S. Bach: Toccata, Adagio und Fuge Sonntag, 1. M\u00e4rz 2020, 10.30 UhrFrauenfeld, Evangelische Stadtkirche&nbsp; Er\u00f6ffnungsgottesdienst &#8222;Brot f\u00fcr Alle&#8220;Katholischer und Evangelischer KirchenchorReto Sch\u00e4rli und Christoph Lowis: Orgel und Leitung Sonntag, 8. M\u00e4rz&nbsp;2020, 10.30 UhrFrauenfeld, Evangelische Stadtkirche&nbsp; Musikgottesdienst Rebecca Heudorfer, Sopran und Christoph Lowis, OrgelWerke von Mendelssohn und [&hellip;]<\/p>\n","protected":false},"author":1,"featured_media":0,"parent":0,"menu_order":0,"comment_status":"closed","ping_status":"open","template":"","meta":{"footnotes":""},"class_list":["post-149","page","type-page","status-publish","hentry"],"_links":{"self":[{"href":"http:\/\/christophlowis.com\/index.php?rest_route=\/wp\/v2\/pages\/149","targetHints":{"allow":["GET"]}}],"collection":[{"href":"http:\/\/christophlowis.com\/index.php?rest_route=\/wp\/v2\/pages"}],"about":[{"href":"http:\/\/christophlowis.com\/index.php?rest_route=\/wp\/v2\/types\/page"}],"author":[{"embeddable":true,"href":"http:\/\/christophlowis.com\/index.php?rest_route=\/wp\/v2\/users\/1"}],"replies":[{"embeddable":true,"href":"http:\/\/christophlowis.com\/index.php?rest_route=%2Fwp%2Fv2%2Fcomments&post=149"}],"version-history":[{"count":82,"href":"http:\/\/christophlowis.com\/index.php?rest_route=\/wp\/v2\/pages\/149\/revisions"}],"predecessor-version":[{"id":360,"href":"http:\/\/christophlowis.com\/index.php?rest_route=\/wp\/v2\/pages\/149\/revisions\/360"}],"wp:attachment":[{"href":"http:\/\/christophlowis.com\/index.php?rest_route=%2Fwp%2Fv2%2Fmedia&parent=149"}],"curies":[{"name":"wp","href":"https:\/\/api.w.org\/{rel}","templated":true}]}}

<div class="wp-block-group"><div class="wp-block-group__inner-container is-layout-flow wp-block-group-is-layout-flow">
<p><strong>Sonntag, 2. Februar 2020, 9.15 Uhr<br>Frauenfeld, Evangelische Stadtkirche&nbsp;</strong></p>



<p><strong>Musikgottesdienst</strong> <br>J.S. Bach: Toccata, Adagio und Fuge</p>
</div></div>



<div class="wp-block-group"><div class="wp-block-group__inner-container is-layout-flow wp-block-group-is-layout-flow">
<p><strong>Sonntag, 1. März 2020, 10.30 Uhr<br>Frauenfeld, Evangelische Stadtkirche&nbsp;</strong></p>



<p><strong>Eröffnungsgottesdienst &#8222;Brot für Alle&#8220;<br></strong>Katholischer und Evangelischer Kirchenchor<br>Reto Schärli und Christoph Lowis: Orgel und Leitung</p>
</div></div>



<div class="wp-block-group"><div class="wp-block-group__inner-container is-layout-flow wp-block-group-is-layout-flow">
<p><strong>Sonntag, 8. März&nbsp;2020, 10.30 Uhr<br>Frauenfeld, Evangelische Stadtkirche&nbsp;</strong></p>



<p><strong>Musikgottesdienst   <br></strong>Rebecca Heudorfer, Sopran und Christoph Lowis, Orgel<br>Werke von Mendelssohn und Dvořák</p>
</div></div>



<div class="wp-block-group"><div class="wp-block-group__inner-container is-layout-flow wp-block-group-is-layout-flow">
<p><strong>Sonntag, 5. April&nbsp;2020, 10.30 Uhr<br>Frauenfeld, Evangelische Stadtkirche&nbsp;</strong></p>



<p><strong>Musikgottesdienst am Palmsonntag<br></strong>Lourenço Frazão Oboe und Christoph Lowis, Orgel<br>Werke von Telemann und Bach</p>
</div></div>



<div class="wp-block-group"><div class="wp-block-group__inner-container is-layout-flow wp-block-group-is-layout-flow">
<p><strong>Sonntag, 5. April&nbsp;2020, 17.00 Uhr<br>Frauenfeld, Evangelische Stadtkirche&nbsp;</strong></p>



<p><strong>Konzert zum Palmsonntag&nbsp;&nbsp;&nbsp;&nbsp;&nbsp;&nbsp;</strong><br><strong>«Stabat mater»&nbsp;&nbsp;&nbsp;&nbsp;&nbsp;&nbsp;&nbsp;&nbsp;&nbsp;&nbsp;&nbsp;&nbsp;&nbsp;&nbsp;&nbsp;&nbsp;&nbsp;&nbsp;&nbsp;&nbsp;&nbsp;&nbsp;&nbsp;&nbsp;&nbsp;&nbsp;&nbsp;&nbsp;&nbsp;</strong><br><strong>Frauenfelder Abendmusiken</strong><br>Seraina Perrenoud, Sopran<br>Anja Powischer, Alt<br>Instrumentalensemble &#8222;laudate!&#8220;<br>Christoph Lowis, Leitung    <br>Werke von Pergolesi, Barber und Pärt</p>
</div></div>



<div class="wp-block-group"><div class="wp-block-group__inner-container is-layout-flow wp-block-group-is-layout-flow">
<p><strong>Freitag, 10. April&nbsp;2020, 9.15 Uhr<br>Frauenfeld, Evangelische Stadtkirche&nbsp;</strong></p>



<p><strong>Gottesdienst zum Karfreitag mit Abendmahl<br></strong>Seraina Perrenoud, Sopran und Anja Powischer, Alt <br>Christoph Lowis, Orgel<br>Auszüge aus dem Stabat mater von G.B. Pergolesi</p>
</div></div>



<div class="wp-block-group"><div class="wp-block-group__inner-container is-layout-flow wp-block-group-is-layout-flow">
<p><strong>Sonntag, 12. April 2020, 10.30 Uhr<br>Frauenfeld, Evangelische Stadtkirche</strong></p>



<p><strong>Ostergottesdienst mit Abendmahl  <br></strong>Evangelischer Kirchenchor <br>Bläserquartett &#8222;laudate!&#8220;<br>Leitung: Christoph Lowis<br>Werke von Biener, Pachelbel und Schütz</p>
</div></div>



<div class="wp-block-group"><div class="wp-block-group__inner-container is-layout-flow wp-block-group-is-layout-flow">
<p><strong>Sonntag, 10. Mai&nbsp;2020, 17.30 Uhr<br>Frauenfeld, St. Laurentius Oberkirch&nbsp;</strong></p>



<p><strong>Wort und Musik | CHOR |    <br></strong> Evangelischer Kirchenchor<br> Andreas Jud, Orgel und Christoph Lowis, Leitung<br> Werke von Rutter und Franck</p>
</div></div>



<div class="wp-block-group"><div class="wp-block-group__inner-container is-layout-flow wp-block-group-is-layout-flow">
<p><strong>Freitag, 22. Mai 2020, 9.30 – 17.00 Uhr <br>Frauenfeld, Evangelische Stadtkirche, Orgelempore</strong></p>



<p><strong>Orgelkurs mit Domorganist Klaus Kuchling <br>Frauenfelder Abendmusiken<br>ausgewählte Werke von Johann Sebastian Bach</strong><br> aktive Teilnahme CHF 100 / passive Teilnahme CHF 60<br>Anmeldung und Information bei Kantor Christoph Lowis<br>077 479 08 83 oder christoph.lowis@evang-frauenfeld.ch</p>
</div></div>



<div class="wp-block-group"><div class="wp-block-group__inner-container is-layout-flow wp-block-group-is-layout-flow">
<p><strong>Sonntag, 31. Mai&nbsp;2020, 9.15 Uhr<br>Frauenfeld, Evangelische Stadtkirche</strong></p>



<p><strong>Pfingstgottesdienst mit Abendmahl<br></strong>Orgel: Christoph Lowis<br>pfingstliche Orgelmusik von Duruflé, Bach, de Grigny</p>
</div></div>



<div class="wp-block-group"><div class="wp-block-group__inner-container is-layout-flow wp-block-group-is-layout-flow">
<p><strong>Freitag, 5. Juni 2020, 18.30 &#8211; 19.45 Uhr<br>Frauenfeld, Evangelische Stadtkirche </strong></p>



<p><strong>SINGEN: „Komm und lobe den Herrn“    <br>Lange Nacht der Kirchen</strong><br>Evangelischer Kirchenchor, Gospelfriends, Worshipband, Orgel, Solisten<br>Ein gemeinsames Projekt mit verschiedenen Ensembles in ganz unterschiedlichen Stilrichtungen.<br>Singen Sie mit uns, hören Sie zu und geniessen Sie die Musik.</p>
</div></div>



<div class="wp-block-group"><div class="wp-block-group__inner-container is-layout-flow wp-block-group-is-layout-flow">
<p><strong>Sonntag, 28. Juni&nbsp;2020, 9.15 Uhr<br>Kartause Ittingen</strong></p>



<p><strong>ökumenischer Gottesdienst zum Stiftungsfest<br></strong>Vokalensemble &#8222;laudate!&#8220;<br>Instrumentalisten <br>Leitung: Christoph Lowis<br>Werke von Schütz und Telemann</p>
</div></div>



<div class="wp-block-group"><div class="wp-block-group__inner-container is-layout-flow wp-block-group-is-layout-flow">
<p><strong>Sonntag, 23. August&nbsp;2020, 17.30 Uhr<br>Frauenfeld, Evangelische Stadtkirche</strong></p>



<p><strong>Orgelkonzert «150 Jahre Louis Vierne»<br>Frauenfelder Abendmusiken</strong><br>Christoph Lowis, Orgel<br>Werke von Louis Vierne:<br>&#8211; aus den Pièces de fantaisie<br>&#8211; 1ère Symphonie pour Grand Orgue op.14 (1899) </p>
</div></div>



<div class="wp-block-group"><div class="wp-block-group__inner-container is-layout-flow wp-block-group-is-layout-flow">
<p><strong>Sonntag, 6. September&nbsp;2020, 10.30 Uhr<br>Frauenfeld, Evangelische Stadtkirche&nbsp;</strong></p>



<p><strong>Musikgottesdienst<br></strong>Evangelischer Kirchenchor<br>Orgel: Christoph Wartenweiler<br>Leitung: Christoph Lowis<br>Werk von Franck, Rutter, Pachelbel und Kodaly</p>
</div></div>



<div class="wp-block-group"><div class="wp-block-group__inner-container is-layout-flow wp-block-group-is-layout-flow">
<p><strong>Sonntag, 12. September&nbsp;2020<br>Frauenfeld, Evangelische Kirchgemeinde</strong></p>



<p><strong>Kantonaler Kirchenmusiktag<br></strong>Orgelstamm des Thurgauer Organistenverbandes<br>Werke zum Advent<br>Christoph Lowis, Orgel und Moderation</p>
</div></div>



<div class="wp-block-group"><div class="wp-block-group__inner-container is-layout-flow wp-block-group-is-layout-flow">
<p><strong>Sonntag, 18. Oktober&nbsp;2020, 17.00 Uhr<br>Frauenfeld, Katholische Kirche St. Nikolaus</strong></p>



<p><strong>Orgelduett</strong><br><strong>Frauenfelder Abendmusiken<br></strong>Christoph Lowis &amp; Emanuel Helg<br>an den Orgeln der St. Nikolauskirche<br>Werke von Händel, Rutter, Haselböck, Merkel u.a.</p>
</div></div>



<div class="wp-block-group"><div class="wp-block-group__inner-container is-layout-flow wp-block-group-is-layout-flow">
<p><strong>Sonntag, 25. Oktober 2020, 17.30 Uhr<br>Frauenfeld, St. Laurentius Oberkirch&nbsp;</strong></p>



<p><strong>Wort und Musik | CHOR |    <br></strong>Evangelischer Kirchenchor<br>Christoph Lowis, Leitung</p>
</div></div>



<div class="wp-block-group"><div class="wp-block-group__inner-container is-layout-flow wp-block-group-is-layout-flow">
<p><strong>Samstag, 5. Dezember&nbsp;2020, 19.30 Uhr<br>Sonntag, 6. Dezember&nbsp;2020, 17.00 Uhr</strong><br><strong>Frauenfeld, Evangelische Stadtkirche</strong></p>



<p><strong>Adventskonzert des Evangelischen Kirchenchores<br></strong>Frauenfelder Stadtorchester<br>Leitung: Christoph Lowis<br>Johann Gottlieb Naumann: &#8222;Zeit und Ewigkeit&#8220;</p>
</div></div>



<div class="wp-block-group"><div class="wp-block-group__inner-container is-layout-flow wp-block-group-is-layout-flow">
<p><strong>Sonntag, 13. Dezember&nbsp;2020, 17.00 Uhr<br>Chur, St. Luzi</strong></p>



<p><strong>Orgelkonzert &#8222;Nun komm, der Heiden Heiland&#8220;<br></strong>Werke von Bach, Heiller, Bornefeld und von Herzogenberg</p>
</div></div>



<div class="wp-block-group"><div class="wp-block-group__inner-container is-layout-flow wp-block-group-is-layout-flow">
<p><strong>Freitag, 25.&nbsp;Dezember&nbsp;2020, 10.30 Uhr<br>Frauenfeld, Evangelische Stadtkirche&nbsp;</strong></p>



<p><strong>Weihnachtsgottesdienst</strong><br>Evangelischer Kirchenchor<br>Natalia Jäger, Orgel<br>Christoph Lowis, Leitung</p>
</div></div>



<div class="wp-block-group is-layout-flow wp-block-group-is-layout-flow"><div class="wp-block-group__inner-container"></div></div>

<p>Sonntag, 2. Februar 2020, 9.15 UhrFrauenfeld, Evangelische Stadtkirche&nbsp; Musikgottesdienst J.S. Bach: Toccata, Adagio und Fuge Sonntag, 1. März 2020, 10.30 UhrFrauenfeld, Evangelische Stadtkirche&nbsp; Eröffnungsgottesdienst &#8222;Brot für Alle&#8220;Katholischer und Evangelischer KirchenchorReto Schärli und Christoph Lowis: Orgel und Leitung Sonntag, 8. März&nbsp;2020, 10.30 UhrFrauenfeld, Evangelische Stadtkirche&nbsp; Musikgottesdienst Rebecca Heudorfer, Sopran und Christoph Lowis, OrgelWerke von Mendelssohn und [&hellip;]</p>
