{"id":246,"date":"2016-03-01T22:36:28","date_gmt":"2016-03-01T21:36:28","guid":{"rendered":"http:\/\/christophlowis.com\/?page_id=246"},"modified":"2020-03-07T23:16:47","modified_gmt":"2020-03-07T22:16:47","slug":"termine-2015","status":"publish","type":"page","link":"http:\/\/christophlowis.com\/?page_id=246","title":{"rendered":"Termine 2015"},"content":{"rendered":"<p><strong>Sonntag, 18. Januar 2015, 11.15 Uhr<br \/>\n<\/strong><strong>Oberglatt ZH<br \/>\n<\/strong><strong>Reformierte Kirche&nbsp;<\/strong><\/p>\n<p>Konzert &#8211; Orgel und Harfe<br \/>\nCarolina Coimbra, Harfe<br \/>\nChristoph Lowis, Orgel<\/p>\n<p>&nbsp;<\/p>\n<p><strong>Sonntag, 1. Februar&nbsp;2015, 9.30 Uhr<br \/>\n<\/strong><strong>Melchnau<br \/>\n<\/strong><strong>Reformierte Kirche&nbsp;<\/strong><\/p>\n<p>Gottesdienst<br \/>\nKirchenchor Melchnau<br \/>\nChristoph Lowis, Leitung<\/p>\n<p>&nbsp;<\/p>\n<p><strong>Aschermittwoch, 18. Februar&nbsp;2015, 12.00 Uhr<br \/>\n<\/strong><strong>Helsinki<br \/>\nKathedrale<\/strong><\/p>\n<p>Mittagsmusik zum Beginn der Passionszeit<br \/>\nWerke von J. S. Bach und J. Alain<br \/>\nChristoph Lowis, Orgel<\/p>\n<p>&nbsp;<\/p>\n<p><strong>Sonntag, 22. M\u00e4rz&nbsp;2015, 9.30 Uhr<br \/>\n<\/strong><strong>Gondiswil<br \/>\n<\/strong><strong>Kirchgemeindehaus&nbsp;<\/strong><\/p>\n<p>Gottesdienst<br \/>\nKirchenchor Melchnau<br \/>\nChristoph Lowis, Leitung<\/p>\n<p>&nbsp;<\/p>\n<p><strong>Sonntag, 19. April&nbsp;2015, 9.30 Uhr<br \/>\n<\/strong><strong>Melchnau<br \/>\n<\/strong><strong>Reformierte Kirche&nbsp;<\/strong><\/p>\n<p>Gottesdienst<br \/>\nKirchenchor Melchnau<br \/>\nChristoph Lowis, Leitung<\/p>\n<p>&nbsp;<\/p>\n<p><strong>Samstag, 25. April&nbsp;2015, 20.00 Uhr,&nbsp;<\/strong><strong>Huttwil,&nbsp;<\/strong><strong>Katholische Kirche<br \/>\nSamstag, 2. Mai 2015, 20.00 Uhr,&nbsp;<strong>Eriswil,&nbsp;<\/strong><strong>Kirche<br \/>\nSonntag, 3. Mai 2015, 20.00 Uhr,&nbsp;<strong>Melchnau,&nbsp;<\/strong><strong>Kirche<\/strong><\/strong><\/strong><\/p>\n<p>Chorkonzert<br \/>\nKirchenchor Eriswil, Kath. Kirchenchor Huttwil, Kirchenchor Melchnau<br \/>\nHusmusig M\u00f6hreweid<br \/>\nFranziska Braun,&nbsp;Orgel und Klavier<br \/>\nAnnette Schwerin, Blockfl\u00f6te<br \/>\nMarianne Dubach und Christoph Lowis, Leitung<\/p>\n<p>&nbsp;<\/p>\n<p><strong>Freitag, 29. Mai 2015, 17.00 Uhr<br \/>\n<\/strong><strong>Neuch\u00e2tel<br \/>\n<\/strong><strong>Collegiale&nbsp;<\/strong><\/p>\n<p>Rezital &#8222;Pfingsten&#8220;<br \/>\nWerke von J. S. Bach, J. Demessieux, F. Tunder, N. de Grigny und O. Messiaen<br \/>\nChristoph Lowis, Orgel<\/p>\n<p>&nbsp;<\/p>\n<p><strong>Sonntag, 31. Mai 2015, 17.00 Uhr<br \/>\n<\/strong><strong>Frauenfeld<br \/>\n<\/strong><strong>Evangelische Stadtkirche&nbsp;<\/strong><\/p>\n<p>Rezital &#8222;Komm, Heiliger Geist!&#8220;<br \/>\nWerke von J. S. Bach, N. de Grigny, F. Tunder, J. Alain und O. Messiaen<br \/>\nChristoph Lowis, Orgel<\/p>\n<p>&nbsp;<\/p>\n<p><strong>Samstag, 25. Juli 2015, 17.15 Uhr<br \/>\n<\/strong><strong>Lenzburg<br \/>\nReformierte Stadtkirche<\/strong><\/p>\n<p>Rezital<br \/>\nWerke von&nbsp;&nbsp;J. Alain (Suite) und M. Dupr\u00e9 (Symphonie-Passion)<br \/>\nChristoph Lowis, Orgel<\/p>\n<p>&nbsp;<\/p>\n<p><strong>Sonntag, 6. September&nbsp;2015, 9.30 Uhr<br \/>\n<\/strong><strong>Melchnau<br \/>\n<\/strong><strong>Reformierte Kirche&nbsp;<\/strong><\/p>\n<p>Gottesdienst<br \/>\nKirchenchor Melchnau<br \/>\nChristoph Lowis, Leitung<\/p>\n<p>&nbsp;<\/p>\n<p><strong>Sonntag, 20. September 2015, 10.00 Uhr<br \/>\n<\/strong><strong>Aachener Dom<br \/>\n<\/strong><\/p>\n<p>Hochamt<br \/>\nM\u00f6nchengladbacher M\u00fcnstermesse von R\u00fcdiger Bl\u00f6mer<br \/>\nM\u00f6nchengladbacher M\u00fcnstermusik<br \/>\nChristoph Lowis, Orgel<br \/>\nKlaus Paulsen, Leitung<\/p>\n<p>&nbsp;<\/p>\n<p><strong>Freitag, 16. Oktober 2015, 18.15 Uhr<br \/>\n<\/strong><strong>Basel<br \/>\n<\/strong><strong>Leonhardskirche<\/strong><\/p>\n<p><a title=\"Orgelspielzumfeierabend\" href=\"http:\/\/www.orgelspielzumfeierabend.ch\/\" target=\"_blank\" rel=\"noopener noreferrer\">Orgelspiel zum Feierabend<\/a><br \/>\nWerke von J. S. Bach, N. de Grigny und T. D. Schlee<br \/>\nChristoph Lowis, Orgel<\/p>\n<p>&nbsp;<\/p>\n<p><strong>Mittwoch, 21. Oktober 2015, 12.30 Uhr<br \/>\n<\/strong><strong>Bern<br \/>\nDreifaltigkeitskirche<\/strong><\/p>\n<p>im Rahmen des Orgelspaziergangs&nbsp;zur Er\u00f6ffnung des<br \/>\n<a title=\"kirchenmusikkongress.ch\" href=\"http:\/\/http:\/\/www.kirchenmusikkongress.ch\" target=\"_blank\" rel=\"noopener noreferrer\">V. Internationalen Kirchenmusikkongresses<\/a><br \/>\nThomas Daniel Schlee: Sicut Ros Hermon Op. 74a<br \/>\nChristoph Lowis, Orgel<\/p>\n<p>&nbsp;<\/p>\n<p><strong>Sonntag, 22. November&nbsp;2015, 9.30 Uhr<br \/>\n<\/strong><strong>Melchnau<br \/>\nReformierte KIrche<\/strong><\/p>\n<p>Gottesdienst am Ewigkeitssonntag<br \/>\nWerke von: J. S. Bach, H. Sch\u00fctz, M. Franck und A. Snyder<br \/>\nKirchenchor Melchnau<br \/>\nChristoph Lowis, Leitung<\/p>\n<p>&nbsp;<\/p>\n<p><strong>Sonntag, 6. Dezember&nbsp;2015, 18.00 Uhr<br \/>\n<\/strong><strong>Basel<br \/>\n<\/strong><strong>M\u00fcnster&nbsp;<\/strong><\/p>\n<p>Adventskonzert der Knabenkantorei Basel<br \/>\nMarkus Teutschbein, Leitung<br \/>\nChristoph Lowis, Orgelpositiv<\/p>\n<p>&nbsp;<\/p>\n<p><strong>Donnerstag, 10. Dezember&nbsp;2015, 16.30 Uhr<br \/>\n<\/strong><strong>Frauenfeld<br \/>\n<\/strong><b>Evangelische Stadtkirche<\/b><\/p>\n<p>Orgelspiel im Advent<br \/>\nWerke von Bach und Bruhns<br \/>\nChristoph Lowis, Orgel<\/p>\n<p>&nbsp;<\/p>\n<p><strong>Sonntag, 20. Dezember&nbsp;2015, 20.00 Uhr<br \/>\n<\/strong><strong>Z\u00fcrich, Toni-Areal<br \/>\n<\/strong><b>Orgelsaal der ZHdK<\/b><\/p>\n<p>Orgel und Schlagwerk<br \/>\nWerke von&nbsp;P. Chochereau und M. Radulescu<br \/>\nTilmann Bogler, Schlagwerk<br \/>\nChristoph Lowis, Orgel<\/p>\n<p>&nbsp;<\/p>\n<p><strong>Donnerstag, 24. Dezember&nbsp;2015, 22.30 Uhr<br \/>\n<\/strong><strong>Melchnau<br \/>\n<\/strong><strong>Reformierte Kirche&nbsp;<\/strong><\/p>\n<p>Christnachtfeier<br \/>\nKirchenchor Melchnau<br \/>\nChristoph Lowis, Leitung<\/p>\n<p>&nbsp;<\/p>\n","protected":false},"excerpt":{"rendered":"<p>Sonntag, 18. Januar 2015, 11.15 Uhr Oberglatt ZH Reformierte Kirche&nbsp; Konzert &#8211; Orgel und Harfe Carolina Coimbra, Harfe Christoph Lowis, Orgel &nbsp; Sonntag, 1. Februar&nbsp;2015, 9.30 Uhr Melchnau Reformierte Kirche&nbsp; Gottesdienst Kirchenchor Melchnau Christoph Lowis, Leitung &nbsp; Aschermittwoch, 18. Februar&nbsp;2015, 12.00 Uhr Helsinki Kathedrale Mittagsmusik zum Beginn der Passionszeit Werke von J. S. Bach und [&hellip;]<\/p>\n","protected":false},"author":1,"featured_media":0,"parent":0,"menu_order":0,"comment_status":"closed","ping_status":"open","template":"","meta":{"footnotes":""},"class_list":["post-246","page","type-page","status-publish","hentry"],"_links":{"self":[{"href":"http:\/\/christophlowis.com\/index.php?rest_route=\/wp\/v2\/pages\/246","targetHints":{"allow":["GET"]}}],"collection":[{"href":"http:\/\/christophlowis.com\/index.php?rest_route=\/wp\/v2\/pages"}],"about":[{"href":"http:\/\/christophlowis.com\/index.php?rest_route=\/wp\/v2\/types\/page"}],"author":[{"embeddable":true,"href":"http:\/\/christophlowis.com\/index.php?rest_route=\/wp\/v2\/users\/1"}],"replies":[{"embeddable":true,"href":"http:\/\/christophlowis.com\/index.php?rest_route=%2Fwp%2Fv2%2Fcomments&post=246"}],"version-history":[{"count":3,"href":"http:\/\/christophlowis.com\/index.php?rest_route=\/wp\/v2\/pages\/246\/revisions"}],"predecessor-version":[{"id":311,"href":"http:\/\/christophlowis.com\/index.php?rest_route=\/wp\/v2\/pages\/246\/revisions\/311"}],"wp:attachment":[{"href":"http:\/\/christophlowis.com\/index.php?rest_route=%2Fwp%2Fv2%2Fmedia&parent=246"}],"curies":[{"name":"wp","href":"https:\/\/api.w.org\/{rel}","templated":true}]}}

<p><strong>Sonntag, 18. Januar 2015, 11.15 Uhr<br />
</strong><strong>Oberglatt ZH<br />
</strong><strong>Reformierte Kirche&nbsp;</strong></p>
<p>Konzert &#8211; Orgel und Harfe<br />
Carolina Coimbra, Harfe<br />
Christoph Lowis, Orgel</p>
<p>&nbsp;</p>
<p><strong>Sonntag, 1. Februar&nbsp;2015, 9.30 Uhr<br />
</strong><strong>Melchnau<br />
</strong><strong>Reformierte Kirche&nbsp;</strong></p>
<p>Gottesdienst<br />
Kirchenchor Melchnau<br />
Christoph Lowis, Leitung</p>
<p>&nbsp;</p>
<p><strong>Aschermittwoch, 18. Februar&nbsp;2015, 12.00 Uhr<br />
</strong><strong>Helsinki<br />
Kathedrale</strong></p>
<p>Mittagsmusik zum Beginn der Passionszeit<br />
Werke von J. S. Bach und J. Alain<br />
Christoph Lowis, Orgel</p>
<p>&nbsp;</p>
<p><strong>Sonntag, 22. März&nbsp;2015, 9.30 Uhr<br />
</strong><strong>Gondiswil<br />
</strong><strong>Kirchgemeindehaus&nbsp;</strong></p>
<p>Gottesdienst<br />
Kirchenchor Melchnau<br />
Christoph Lowis, Leitung</p>
<p>&nbsp;</p>
<p><strong>Sonntag, 19. April&nbsp;2015, 9.30 Uhr<br />
</strong><strong>Melchnau<br />
</strong><strong>Reformierte Kirche&nbsp;</strong></p>
<p>Gottesdienst<br />
Kirchenchor Melchnau<br />
Christoph Lowis, Leitung</p>
<p>&nbsp;</p>
<p><strong>Samstag, 25. April&nbsp;2015, 20.00 Uhr,&nbsp;</strong><strong>Huttwil,&nbsp;</strong><strong>Katholische Kirche<br />
Samstag, 2. Mai 2015, 20.00 Uhr,&nbsp;<strong>Eriswil,&nbsp;</strong><strong>Kirche<br />
Sonntag, 3. Mai 2015, 20.00 Uhr,&nbsp;<strong>Melchnau,&nbsp;</strong><strong>Kirche</strong></strong></strong></p>
<p>Chorkonzert<br />
Kirchenchor Eriswil, Kath. Kirchenchor Huttwil, Kirchenchor Melchnau<br />
Husmusig Möhreweid<br />
Franziska Braun,&nbsp;Orgel und Klavier<br />
Annette Schwerin, Blockflöte<br />
Marianne Dubach und Christoph Lowis, Leitung</p>
<p>&nbsp;</p>
<p><strong>Freitag, 29. Mai 2015, 17.00 Uhr<br />
</strong><strong>Neuchâtel<br />
</strong><strong>Collegiale&nbsp;</strong></p>
<p>Rezital &#8222;Pfingsten&#8220;<br />
Werke von J. S. Bach, J. Demessieux, F. Tunder, N. de Grigny und O. Messiaen<br />
Christoph Lowis, Orgel</p>
<p>&nbsp;</p>
<p><strong>Sonntag, 31. Mai 2015, 17.00 Uhr<br />
</strong><strong>Frauenfeld<br />
</strong><strong>Evangelische Stadtkirche&nbsp;</strong></p>
<p>Rezital &#8222;Komm, Heiliger Geist!&#8220;<br />
Werke von J. S. Bach, N. de Grigny, F. Tunder, J. Alain und O. Messiaen<br />
Christoph Lowis, Orgel</p>
<p>&nbsp;</p>
<p><strong>Samstag, 25. Juli 2015, 17.15 Uhr<br />
</strong><strong>Lenzburg<br />
Reformierte Stadtkirche</strong></p>
<p>Rezital<br />
Werke von&nbsp;&nbsp;J. Alain (Suite) und M. Dupré (Symphonie-Passion)<br />
Christoph Lowis, Orgel</p>
<p>&nbsp;</p>
<p><strong>Sonntag, 6. September&nbsp;2015, 9.30 Uhr<br />
</strong><strong>Melchnau<br />
</strong><strong>Reformierte Kirche&nbsp;</strong></p>
<p>Gottesdienst<br />
Kirchenchor Melchnau<br />
Christoph Lowis, Leitung</p>
<p>&nbsp;</p>
<p><strong>Sonntag, 20. September 2015, 10.00 Uhr<br />
</strong><strong>Aachener Dom<br />
</strong></p>
<p>Hochamt<br />
Mönchengladbacher Münstermesse von Rüdiger Blömer<br />
Mönchengladbacher Münstermusik<br />
Christoph Lowis, Orgel<br />
Klaus Paulsen, Leitung</p>
<p>&nbsp;</p>
<p><strong>Freitag, 16. Oktober 2015, 18.15 Uhr<br />
</strong><strong>Basel<br />
</strong><strong>Leonhardskirche</strong></p>
<p><a title="Orgelspielzumfeierabend" href="http://www.orgelspielzumfeierabend.ch/" target="_blank" rel="noopener noreferrer">Orgelspiel zum Feierabend</a><br />
Werke von J. S. Bach, N. de Grigny und T. D. Schlee<br />
Christoph Lowis, Orgel</p>
<p>&nbsp;</p>
<p><strong>Mittwoch, 21. Oktober 2015, 12.30 Uhr<br />
</strong><strong>Bern<br />
Dreifaltigkeitskirche</strong></p>
<p>im Rahmen des Orgelspaziergangs&nbsp;zur Eröffnung des<br />
<a title="kirchenmusikkongress.ch" href="http://http://www.kirchenmusikkongress.ch" target="_blank" rel="noopener noreferrer">V. Internationalen Kirchenmusikkongresses</a><br />
Thomas Daniel Schlee: Sicut Ros Hermon Op. 74a<br />
Christoph Lowis, Orgel</p>
<p>&nbsp;</p>
<p><strong>Sonntag, 22. November&nbsp;2015, 9.30 Uhr<br />
</strong><strong>Melchnau<br />
Reformierte KIrche</strong></p>
<p>Gottesdienst am Ewigkeitssonntag<br />
Werke von: J. S. Bach, H. Schütz, M. Franck und A. Snyder<br />
Kirchenchor Melchnau<br />
Christoph Lowis, Leitung</p>
<p>&nbsp;</p>
<p><strong>Sonntag, 6. Dezember&nbsp;2015, 18.00 Uhr<br />
</strong><strong>Basel<br />
</strong><strong>Münster&nbsp;</strong></p>
<p>Adventskonzert der Knabenkantorei Basel<br />
Markus Teutschbein, Leitung<br />
Christoph Lowis, Orgelpositiv</p>
<p>&nbsp;</p>
<p><strong>Donnerstag, 10. Dezember&nbsp;2015, 16.30 Uhr<br />
</strong><strong>Frauenfeld<br />
</strong><b>Evangelische Stadtkirche</b></p>
<p>Orgelspiel im Advent<br />
Werke von Bach und Bruhns<br />
Christoph Lowis, Orgel</p>
<p>&nbsp;</p>
<p><strong>Sonntag, 20. Dezember&nbsp;2015, 20.00 Uhr<br />
</strong><strong>Zürich, Toni-Areal<br />
</strong><b>Orgelsaal der ZHdK</b></p>
<p>Orgel und Schlagwerk<br />
Werke von&nbsp;P. Chochereau und M. Radulescu<br />
Tilmann Bogler, Schlagwerk<br />
Christoph Lowis, Orgel</p>
<p>&nbsp;</p>
<p><strong>Donnerstag, 24. Dezember&nbsp;2015, 22.30 Uhr<br />
</strong><strong>Melchnau<br />
</strong><strong>Reformierte Kirche&nbsp;</strong></p>
<p>Christnachtfeier<br />
Kirchenchor Melchnau<br />
Christoph Lowis, Leitung</p>
<p>&nbsp;</p>
