{"id":26,"date":"2012-07-04T19:06:59","date_gmt":"2012-07-04T17:06:59","guid":{"rendered":"http:\/\/christophlowis.com\/?page_id=26"},"modified":"2024-10-21T21:43:01","modified_gmt":"2024-10-21T20:43:01","slug":"vita","status":"publish","type":"page","link":"http:\/\/christophlowis.com\/?page_id=26","title":{"rendered":"Vita"},"content":{"rendered":"<p>Christoph Lowis, geboren 1982 in Erkelenz, studierte in Wien, Lyon, Paris, Detmold\u00a0und Basel Tonmeister, Kirchenmusik, Orgel Konzertfach und Musikp\u00e4dagogik.<\/p>\n<p>Seine Lehrer\u00a0an der Universit\u00e4t f\u00fcr Musik und darstellende Kunst Wien\u00a0waren Klaus Kuchling (Orgel-Literatur) Pier Damiano Peretti (Orgel-Literatur), Johannes Ebenbauer (Orgel-Improvisation), Ingrun Fu\u00dfenegger (Chorleitung) und Erwin Ortner (Chorleitung).<\/p>\n<p>Im Studienjahr 2008\/09 konnte er sich im Rahmen eines Auslandsaufenthaltes bei Fran\u00e7ois Espinasse und Liesbeth Schlumberger in Lyon sowie bei Michel Bouvard und Oliver Latry in Paris ausschlie\u00dflich mit franz\u00f6sischer Musik besch\u00e4ftigen. Improvisationsunterricht erhielt er von Franck Vaudray und Thierry Escaich.<\/p>\n<p>2013 hat er an der Hochschule f\u00fcr Musik in Detmold den Master of Musik in Kirchenmusik erhalten. Seine Lehrer waren\u00a0Anne Kohler (Chorleitung), Joachim Harder (Orchesterdirigieren), Tomasz Adam Nowak (Orgel-Improvisation) und Martin Sander (Orgel-Literatur).<\/p>\n<p>Im Jahre 2014 hat er an der Musikakademie Basel das Konzertdiplom bei Martin Sander &#8222;mit Auszeichnung&#8220; bestanden. Zudem erhielt er Improvisationsunterricht an der Schola Cantorum bei Rudolf Lutz.<\/p>\n<p>2017 erhielt er den \u00abHans-Balmer-Preis\u00bb f\u00fcr sein Rezital mit drei Choralfantasien von Max Reger zum Abschluss seines Musikp\u00e4dagogikstudiums.<\/p>\n<p>Auf der Suche nach neuen Anregungen nahm er als Organist an Meisterkursen mit Lorenzo Ghielmi, Leo van Doeselaar, Ewald Kooiman, Ben van Oosten, Peter Planyavsky, Ludger Lohmann, Jean Guillou, J\u00fcrgen Essl, Philippe Lefebvre, Hans Haselb\u00f6ck, Rudolf Meyer, Wolfgang Seifen, Hans Ola Ericsson und Jacques van Oortmerssen teil.<br \/>\nAls Chorleiter nahm er weitere Anregungen von Fritz ter Wey, Alois Gla\u00dfner, Jordi Casals, Georg Christoph Biller und Frider Bernius auf.<\/p>\n<p>Er trat in Finnland, Norwegen, Deutschland, Frankreich, \u00d6sterreich, Italien und der Schweiz sowohl kammermusikalisch als auch solistisch als Organist und Chorleiter auf. Schwerpunkte seiner Arbeit als Organist sind die Zusammenarbeit mit Ch\u00f6ren und sein Einsatz f\u00fcr Musik des 20. und 21. Jahrhunderts. Er trat auf verschiedenen Festivals auf, war im Rundfunk zu h\u00f6ren und an Urauff\u00fchrungen beteiligt, zuletzt an der M\u00f6nchengladbacher M\u00fcnstermesse von R\u00fcdiger Bl\u00f6hmer.<\/p>\n<p>2010 bis 2013 war er Organist an der M\u00fcnsterbasilika in M\u00f6nchengladbach wo er regelm\u00e4\u00dfig gemeinsam mit dem M\u00fcnsterchor und der M\u00fcnstermusik die feierlichen Hoch\u00e4mter gestaltete. Seit 2013 arbeitet er als Organist und Kirchenmusiker in Oberglatt ZH. Im Herbst 2014 \u00fcbernahm er die Leitung des Kirchenchores Melchnau und das Vizedirigat der Knabenkantorei Basel.<\/p>\n<p>Seit M\u00e4rz 2015 ist\u00a0er als Hauptorganist und seit 2018 als Kantor in der Evangelischen Kirchgemeinde\u00a0Frauenfeld t\u00e4tig.<\/p>\n","protected":false},"excerpt":{"rendered":"<p>Christoph Lowis, geboren 1982 in Erkelenz, studierte in Wien, Lyon, Paris, Detmold\u00a0und Basel Tonmeister, Kirchenmusik, Orgel Konzertfach und Musikp\u00e4dagogik. Seine Lehrer\u00a0an der Universit\u00e4t f\u00fcr Musik und darstellende Kunst Wien\u00a0waren Klaus Kuchling (Orgel-Literatur) Pier Damiano Peretti (Orgel-Literatur), Johannes Ebenbauer (Orgel-Improvisation), Ingrun Fu\u00dfenegger (Chorleitung) und Erwin Ortner (Chorleitung). Im Studienjahr 2008\/09 konnte er sich im Rahmen eines [&hellip;]<\/p>\n","protected":false},"author":1,"featured_media":0,"parent":0,"menu_order":0,"comment_status":"closed","ping_status":"open","template":"","meta":{"footnotes":""},"class_list":["post-26","page","type-page","status-publish","hentry"],"_links":{"self":[{"href":"http:\/\/christophlowis.com\/index.php?rest_route=\/wp\/v2\/pages\/26","targetHints":{"allow":["GET"]}}],"collection":[{"href":"http:\/\/christophlowis.com\/index.php?rest_route=\/wp\/v2\/pages"}],"about":[{"href":"http:\/\/christophlowis.com\/index.php?rest_route=\/wp\/v2\/types\/page"}],"author":[{"embeddable":true,"href":"http:\/\/christophlowis.com\/index.php?rest_route=\/wp\/v2\/users\/1"}],"replies":[{"embeddable":true,"href":"http:\/\/christophlowis.com\/index.php?rest_route=%2Fwp%2Fv2%2Fcomments&post=26"}],"version-history":[{"count":13,"href":"http:\/\/christophlowis.com\/index.php?rest_route=\/wp\/v2\/pages\/26\/revisions"}],"predecessor-version":[{"id":356,"href":"http:\/\/christophlowis.com\/index.php?rest_route=\/wp\/v2\/pages\/26\/revisions\/356"}],"wp:attachment":[{"href":"http:\/\/christophlowis.com\/index.php?rest_route=%2Fwp%2Fv2%2Fmedia&parent=26"}],"curies":[{"name":"wp","href":"https:\/\/api.w.org\/{rel}","templated":true}]}}